 be v(-21). Let t be -3 + (-2 + i)/(2 - 3). Let k be 196 - 1/(t/6)*1. Calculate the highest common divisor of k and 18.
18
Suppose 65*q = -126*q + 6685. Let k be (2 + -3)/((-3)/15). What is the greatest common factor of q and k?
5
Suppose -20 = 4*o, 8*i - 15 = 9*i + 5*o. Calculate the greatest common divisor of 292 and i.
2
Suppose 7*l + 270 - 1978 = 0. Let z = -3298 + 3481. Calculate the greatest common factor of z and l.
61
Let o(r) = 88*r**3 + r**2 - 2*r + 1. Let c be o(3). Suppose 0 = -8*f + 25*f - c. What is the greatest common divisor of f and 56?
28
Let c = 633 - 689. Let o be (-10)/(-8) - 938/c. What is the highest common divisor of 4 and o?
2
Let y = -19992 - -20208. Calculate the greatest common divisor of 1096 and y.
8
Suppose 15*k = -3*a + 12*k + 36, 2*a = 4*k + 30. Let f(w) = 81*w**2 - 3*w - 5. Let t be f(-2). Calculate the highest common divisor of t and a.
13
Let s = 285 + -170. Let a(h) = 3*h**2 - 5*h - 4. Let v(k) = -k**2 + k + 5. Let x be v(0). Let t be a(x). What is the greatest common divisor of s and t?
23
Suppose 737761 + 114635 = 251*k. What is the greatest common divisor of 12 and k?
12
Suppose 348 = 13*d - 1069. Calculate the highest common factor of 3161 and d.
109
Let s(w) = w - 2. Let i = -24 - -30. Let j be s(i). Suppose 2*c - 11 = -3*r + 3, -j*r - 8 = -4*c. What is the highest common factor of 16 and r?
2
Suppose 2329 = 5*d - 511. Suppose -22 = 7*w - d. Suppose -s = -6*s + 30. Calculate the highest common divisor of w and s.
6
Let o = 267 + -308. Suppose 20 = 4*q + 3*b - 477, 364 = 3*q + 4*b. Let t = q + o. What is the greatest common divisor of t and 29?
29
Let k = 270 + -205. Let y(o) = -3*o**2 + 2*o + 3. Let a be y(-2). Let c = 0 - a. What is the greatest common divisor of c and k?
13
Suppose 4*o - 37056 = -29*f + 33*f, 0 = 8*o - 4*f - 74104. What is the greatest common divisor of 22 and o?
22
Suppose -5*w + 29 - 9 = 0. Suppose -2*m - 5*z = -285, -w*m + 3*z = -6*m + 291. Calculate the highest common factor of 20 and m.
10
Let x(f) = -203*f - 8. Let o be x(-1). Let r = o + -145. Let t = 31 + -11. What is the highest common divisor of r and t?
10
Suppose -1420677 + 160438 = -157*k. What is the highest common factor of 23 and k?
23
Suppose 4*u = 4*i - i - 49, 2*i - 36 = u. Suppose -i = 5*m - 224. Let o be 830/(-4 + 9) - 2. What is the greatest common factor of o and m?
41
Suppose -102 = -2*t - 2. Let u(f) = -466*f - 20204. Let k be u(-44). What is the greatest common divisor of t and k?
50
Suppose 9926 = 202*s - 24414. Let w = -73 - -141. Calculate the highest common factor of s and w.
34
Let i(w) = -40*w + 86. Let h be i(13). Let o = h - -902. Calculate the greatest common divisor of o and 39.
39
Let z(y) = -3*y - 22. Let g = 5 + -2. Let p be (-1)/((g/1)/45). Let x be z(p). Calculate the highest common factor of x and 23.
23
Suppose 20*h - 4*c = 1904, 114 = -3*h + 2*c + 394. Calculate the greatest common divisor of h and 2328.
24
Let b = 63 - 60. Let t be 55*(12/b - -4). Suppose -5*m - 105 = -2*a, -a + 3*m = 4*m - 35. What is the greatest common factor of t and a?
40
Suppose -3*j + 2904 = 8*j. Calculate the highest common divisor of 220 and j.
44
Suppose -2*s + 19 = -27. Let c = -20 + s. Suppose -q - 3*k = -3*q, c*k = 12. Calculate the greatest common divisor of 36 and q.
6
Suppose -4219 = -15*s - 11*s - 943. Calculate the greatest common divisor of s and 140.
14
Suppose -44 = 2*h - 2*j - 0*j, -j = -5*h - 98. Let t be (h + -5)/((-1)/6). Let v = -80 + t. Calculate the greatest common divisor of v and 32.
32
Suppose -25*d + 346 = -23*d. Let k = -110 + d. Calculate the highest common factor of 14 and k.
7
Let r be (0 - -2) + 1 + -2. Let z be r - 2/((-4)/46). Suppose 20*c + 171 = 25*c - 3*y, 0 = 5*y - 15. What is the greatest common factor of c and z?
12
Suppose 24*u = 828 - 7044. Let n = -209 - u. What is the greatest common factor of 40 and n?
10
Suppose 9*w - 4*g = 4*w + 508, 2*w - 2*g = 202. Let y(f) = f**3 - 13*f**2 - f + 17. Let p be y(13). What is the highest common divisor of p and w?
4
Suppose -18*v + 864 = -10*v. Let i be 48/6 + v/3. What is the greatest common divisor of 88 and i?
44
Let i be 286*(-1 + 3)/4. Let q(r) = 195*r + 26. Let d be q(0). What is the highest common divisor of i and d?
13
Suppose 4*y + 6*y = 120. Suppose -3*j + 132 = -y. Suppose -2*s + w + 215 = 6*w, 4*s - w = 485. Calculate the greatest common divisor of j and s.
24
Let z = 196 - 184. Let h(v) = v**3 + 2*v**2 + v - 2. Suppose -3*a - 10 = -8*a. Let s be h(a). What is the greatest common divisor of s and z?
4
Suppose 5*r - r = 2712. Calculate the highest common divisor of r and 6.
6
Let b = -5746 - -13126. Let g be (55/165)/(2*2/b). Calculate the greatest common divisor of 30 and g.
15
Let b = 562 + -556. Let w be ((-3 - -3) + (-114)/b)*-11. Calculate the greatest common factor of w and 33.
11
Suppose -2*q = -5*l - 127, 2*l = -9*q + 7*q + 134. What is the greatest common divisor of 627 and q?
33
Let b be (-567)/(-1) - (0 - -3). Suppose -5*w - y + b = 0, 2*y - 4 = 4. Suppose 902 = 10*g + 622. What is the greatest common factor of g and w?
28
Let k(i) = -i**3 + 3*i**2 + 262*i - 36. Let q be k(-15). What is the greatest common factor of q and 20?
4
Let v be 23639 - 1 - (473 + -463). Calculate the greatest common factor of 66 and v.
66
Let b be (-4)/(-10) + 456/10. Suppose -7*y - 1430 = -4*j, 20*j + y + 730 = 22*j. What is the greatest common divisor of b and j?
46
Suppose -12*d + 232 = 64. Suppose -d*n + q + 61 = -9*n, 5*n - 64 = 4*q. Calculate the highest common factor of n and 12.
12
Suppose 0 = 5*b - 13*b + 144. Let f = 20 - b. Suppose 0 = -2*i + 32 + 4. What is the highest common divisor of f and i?
2
Suppose -5*w + 3346 = -479. Calculate the greatest common factor of 405 and w.
45
Let d = -10077 - -10536. Suppose -u - 2*u = 2*n - 37, 0 = 2*u - 2. Calculate the highest common divisor of n and d.
17
Let k be (-2)/7 + (-46)/(-14). Suppose 379 = 2*a + 103. Let v = 150 - a. Calculate the greatest common divisor of k and v.
3
Let y(x) = -8*x. Let v(i) = -3*i. Let m(r) = -5*v(r) + 2*y(r). Let p be m(-6). Let c be 3 - 0 - (-2 - 49). Calculate the greatest common divisor of c and p.
6
Suppose 65*y = 70*y - 90. Suppose 5*l - 10 = -w, -y*w + 15*w + 4*l + 11 = 0. What is the highest common divisor of 5 and w?
5
Let i = 439 - 215. Let w = i - 190. What is the highest common divisor of 221 and w?
17
Suppose f + 7 = 2. Let o be (3 + -7)*-37*f/4. Let a = -14 - o. Calculate the highest common factor of 19 and a.
19
Suppose -5*u - 2*u - 3*w = -6905, -4*u - 4*w + 3948 = 0. What is the highest common factor of 238 and u?
34
Let o = 2385 - 2353. What is the highest common divisor of 176 and o?
16
Let s be 8 + 2 + -2 - (-14)/(-7). Let k = -73 + 211. Calculate the highest common factor of k and s.
6
Let o(h) = 4*h**2 + h + 1. Let v be (9/12)/(6/(-4))*2. Let i be o(v). Let w be (-21)/(i/(20/(-5))). What is the highest common divisor of 84 and w?
21
Let s(u) = -u**3 - 2*u**2 + 6*u + 4. Let r be s(2). Suppose -6*d + 178 - 34 = r. Calculate the highest common factor of d and 192.
24
Let w be 15*26*3/15. Suppose 33085 = 450*l - 89765. What is the greatest common divisor of l and w?
39
Let g = 3796 + -3728. What is the highest common factor of 17 and g?
17
Suppose y + 34 = k, 5*y + 23 - 3 = 0. What is the highest common factor of k and 3405?
15
Let h(s) = -s**2 + 11*s - 12. Let c be h(4). Let b = c + -4. Calculate the greatest common factor of b and 15.
3
Suppose 0 = -35*o + 162*o - 21717. Suppose -3*n = -n - 6. Suppose -5*p = 3*t + 2*t - 115, -n*p + 37 = -5*t. Calculate the highest common divisor of p and o.
19
Let p be (0 + -8 - -3) + 7. Suppose -p*i - 9 = -5*i. Let a be i/(21/79) + 4/(-14). What is the highest common divisor of 1 and a?
1
Let c be -4*12*40/(-80). Suppose 3388 = c*l - 116. What is the highest common factor of 2 and l?
2
Suppose -5*a + 2*x + 0*x = 28, -5*x = 5*a. Let u be 32*(-8)/(-6) - a/(-6). Let m = u + -36. What is the highest common factor of 21 and m?
3
Let j be (5 - ((-880)/(-32) - 8))/(2/(-84)). What is the greatest common divisor of 567 and j?
21
Suppose 46*q = 199*q + 49*q - 25250. What is the greatest common divisor of q and 175?
25
Suppose -c - 8*c + 1728 = 0. Let s be (-1)/(-3) + 5/3. Suppose -3*y + c = 3*d + s*y, 4*d + 4*y =